69238 and 12034194?
4574
Calculate the greatest common divisor of 237330 and 553230.
810
Calculate the highest common factor of 26163 and 249237.
1377
What is the highest common divisor of 8451 and 201?
3
Calculate the greatest common factor of 5965955 and 48682.
241
Calculate the highest common divisor of 8034576 and 336.
48
What is the highest common factor of 82199150 and 20?
10
Calculate the highest common factor of 129 and 142764214.
43
What is the highest common divisor of 109950 and 286050?
150
Calculate the highest common divisor of 2142 and 43432620.
714
Calculate the greatest common factor of 1593 and 12811581.
27
What is the greatest common divisor of 5590 and 19214?
26
Calculate the highest common divisor of 3149934 and 646.
38
What is the greatest common factor of 14602 and 12665?
149
What is the greatest common factor of 5168 and 14319084?
76
Calculate the greatest common factor of 41 and 30035698.
41
What is the highest common factor of 2708291 and 89?
1
What is the greatest common factor of 5440375 and 375?
125
What is the highest common factor of 718 and 26529023?
359
What is the highest common factor of 241017 and 567?
21
What is the highest common factor of 7428 and 336117?
1857
Calculate the greatest common divisor of 46 and 562893306.
46
What is the highest common factor of 886 and 476984302?
886
Calculate the greatest common factor of 911794 and 1066.
26
Calculate the greatest common factor of 77650191 and 513.
27
What is the highest common factor of 34452 and 636546636?
11484
What is the highest common divisor of 64680 and 1496040?
840
What is the greatest common factor of 6237 and 75306?
231
What is the highest common divisor of 4185150 and 22350?
150
Calculate the greatest common factor of 81483 and 4239.
471
Calculate the greatest common factor of 980060 and 220.
20
Calculate the greatest common divisor of 2782 and 74828.
26
Calculate the greatest common divisor of 855 and 142815.
15
What is the greatest common factor of 59194 and 2440882?
3482
What is the highest common factor of 2172510 and 1434?
1434
Calculate the highest common divisor of 59972 and 179272852.
2068
Calculate the greatest common factor of 12773 and 3102875.
241
What is the greatest common divisor of 5199805 and 117?
13
What is the greatest common divisor of 550520 and 16200?
40
Calculate the highest common factor of 57970325 and 7.
7
Calculate the highest common divisor of 1161780708 and 36.
12
Calculate the highest common divisor of 35487148 and 1162.
166
What is the greatest common divisor of 1792 and 1985200?
112
What is the highest common factor of 4680024 and 64092?
1308
What is the greatest common divisor of 2917212 and 7356?
12
What is the greatest common divisor of 2816 and 248832?
256
Calculate the greatest common divisor of 8418176 and 24.
8
Calculate the highest common factor of 140773229 and 332.
83
What is the highest common divisor of 11074118 and 88?
22
What is the highest common divisor of 1890 and 167443605?
945
Calculate the highest common factor of 414 and 123971748.
138
What is the highest common divisor of 11907 and 22124907?
1701
Calculate the greatest common factor of 1194 and 2298.
6
Calculate the greatest common factor of 17424 and 935.
11
Calculate the greatest common divisor of 50009 and 705941.
1163
Calculate the greatest common factor of 2248 and 11250116.
1124
What is the highest common divisor of 625797 and 33201?
279
Calculate the highest common factor of 3927 and 99750.
21
What is the highest common divisor of 244616161 and 122?
61
What is the greatest common factor of 40104231 and 114?
57
Calculate the greatest common divisor of 7364 and 16243143.
1841
What is the greatest common divisor of 27828593 and 11635?
2327
What is the highest common factor of 198311 and 8039723?
3251
What is the highest common factor of 140 and 42340060?
140
What is the highest common divisor of 65971807 and 99?
11
Calculate the greatest common factor of 2768898 and 858.
66
What is the highest common factor of 224 and 261585744?
112
What is the greatest common divisor of 8617728 and 3528?
1176
What is the greatest common divisor of 65542244 and 1369?
1369
What is the highest common factor of 2065186 and 3838?
38
What is the greatest common factor of 2660 and 27815620?
2660
What is the highest common factor of 31441 and 66125891?
1367
What is the greatest common divisor of 325 and 12836694?
13
What is the greatest common factor of 58248 and 1129824?
72
Calculate the highest common factor of 4972522 and 455918.
1774
What is the greatest common factor of 1521635 and 961?
31
Calculate the greatest common divisor of 267 and 15135607.
89
Calculate the highest common factor of 155 and 159607995.
155
Calculate the highest common divisor of 845760 and 498240.
960
What is the highest common factor of 27132 and 237524?
476
What is the greatest common factor of 132 and 1700644?
44
What is the highest common factor of 67369744 and 76?
76
What is the greatest common factor of 209894168 and 88?
88
Calculate the greatest common factor of 1348778 and 1082.
2
Calculate the greatest common factor of 9484 and 29084.
4
Calculate the highest common divisor of 69661049 and 133.
19
Calculate the highest common divisor of 6092 and 3852.
4
What is the greatest common divisor of 7241 and 1754818?
13
Calculate the greatest common factor of 13251372 and 12308.
724
Calculate the greatest common divisor of 28914 and 1646817.
183
Calculate the highest common factor of 27002591 and 4389.
1463
What is the greatest common divisor of 116212626 and 746?
746
Calculate the greatest common factor of 22820750 and 200.
50
What is the highest common factor of 24425753 and 2057?
187
Calculate the highest common divisor of 10544 and 2848198.
1318
What is the highest common divisor of 30 and 16343710?
10
Calculate the greatest common divisor of 736 and 1478356832.
736
Calculate the highest common divisor of 932945 and 1257971.
6019
Calculate the highest common divisor of 165 and 229823.
11
What is the greatest common divisor of 207415 and 44915?
65
Calculate the greatest common divisor of 241825 and 843827.
569
What is the greatest common divisor of 1448808 and 51?
51
What is the highest common factor of 957 and 51691224?
87
What is the greatest common divisor of 4898 and 284833394?
4898
Calculate the greatest common factor of 2524 and 159255566.
1262
Calculate the highest common divisor of 309313010 and 10.
10
Calculate the greatest common factor of 70 and 444729026.
14
Calculate the highest common divisor of 1625472 and 1212032.
2176
Calculate the greatest common divisor of 5696 and 28544.
64
What is the highest common factor of 490 and 520610?
10
Calculate the greatest common factor of 7004361 and 273.
273
What is the greatest common factor of 2305928916 and 36?
36
Calculate the highest common factor of 771680 and 1680.
560
What is the greatest common divisor of 409396 and 2132?
52
Calculate the highest common factor of 6724 and 10534827.
1681
Calculate the greatest common factor of 31931 and 81.
1
Calculate the greatest common factor of 1945 and 104604823.
389
Calculate the highest common divisor of 470 and 82814.
94
What is the highest common factor of 2447 and 138771817?
2447
What is the greatest common divisor of 162440 and 996?
4
What is the greatest common factor of 428225800 and 570?
190
Calculate the greatest common factor of 6110473 and 639.
71
What is the greatest common divisor of 37808 and 795636?
556
What is the highest common divisor of 9872 and 40955843?
617
What is the greatest common divisor of 12159 and 3265367?
1351
What is the highest common divisor of 21021 and 59147088?
3003
What is the highest common divisor of 4320740 and 110?
10
What is the greatest common divisor of 1609171712 and 76?
76
Calculate the highest common divisor of 237226 and 74415.
451
What is the greatest common factor of 10350 and 3501?
9
Calculate the highest common divisor of 43275 and 2202409.
577
What is the highest common factor of 170883 and 9099?
27
Calculate the greatest common factor of 2108 and 798048.
68
What is the greatest common factor of 83544 and 1536?
24
Calculate the highest common divisor of 447045 and 105.
15
What is the highest common divisor of 54 and 183644415?
27
